{"id":907,"date":"2025-07-19T17:11:07","date_gmt":"2025-07-19T15:11:07","guid":{"rendered":"https:\/\/tracage-solution.fr\/?page_id=907"},"modified":"2025-07-19T17:12:12","modified_gmt":"2025-07-19T15:12:12","slug":"signaletique-a-saint-laurent-du-var","status":"publish","type":"page","link":"https:\/\/tracage-solution.fr\/?page_id=907","title":{"rendered":"Signal\u00e9tique \u00e0 Saint-Laurent-du-Var"},"content":{"rendered":"\n[et_pb_section fb_built=&#8221;1&#8243; admin_label=&#8221;Header&#8221; _builder_version=&#8221;4.16&#8243; use_background_color_gradient=&#8221;on&#8221; background_color_gradient_direction=&#8221;124deg&#8221; background_color_gradient_stops=&#8221;rgba(255,255,255,0.1) 30%|#31d190 90%&#8221; background_color_gradient_start=&#8221;rgba(255,255,255,0.1)&#8221; background_color_gradient_start_position=&#8221;30%&#8221; background_color_gradient_end=&#8221;#31d190&#8243; background_color_gradient_end_position=&#8221;90%&#8221; background_image=&#8221;https:\/\/tracage-solution.fr\/wp-content\/uploads\/2025\/04\/ebook-17-1.png&#8221; background_position=&#8221;bottom_center&#8221; custom_padding=&#8221;5vw||5vw||true|&#8221; border_color_all=&#8221;#31d190&#8243; border_width_left=&#8221;10px&#8221; global_colors_info=&#8221;{}&#8221; theme_builder_area=&#8221;post_content&#8221;][et_pb_row column_structure=&#8221;1_2,1_2&#8243; use_custom_gutter=&#8221;on&#8221; gutter_width=&#8221;4&#8243; _builder_version=&#8221;4.27.4&#8243; background_size=&#8221;contain&#8221; background_position=&#8221;bottom_center&#8221; max_width=&#8221;1280px&#8221; global_colors_info=&#8221;{}&#8221; theme_builder_area=&#8221;post_content&#8221;][et_pb_column type=&#8221;1_2&#8243; _builder_version=&#8221;4.16&#8243; custom_padding=&#8221;40px|||&#8221; custom_padding_tablet=&#8221;0vw|||&#8221; global_colors_info=&#8221;{}&#8221; custom_padding__hover=&#8221;|||&#8221; theme_builder_area=&#8221;post_content&#8221;][et_pb_text _builder_version=&#8221;4.27.4&#8243; text_font=&#8221;||||||||&#8221; text_text_color=&#8221;#000000&#8243; text_font_size=&#8221;15px&#8221; text_line_height=&#8221;1.8em&#8221; header_font=&#8221;Montserrat|800||on|||||&#8221; header_text_color=&#8221;#000000&#8243; header_font_size=&#8221;1.8vw&#8221; header_line_height=&#8221;1.1em&#8221; custom_margin=&#8221;||30px|||&#8221; text_font_size_tablet=&#8221;16px&#8221; text_font_size_phone=&#8221;14px&#8221; text_font_size_last_edited=&#8221;on|phone&#8221; text_line_height_tablet=&#8221;1.8em&#8221; text_line_height_phone=&#8221;1.7em&#8221; text_line_height_last_edited=&#8221;off|phone&#8221; header_font_size_tablet=&#8221;8vw&#8221; header_font_size_phone=&#8221;10vw&#8221; header_font_size_last_edited=&#8221;on|phone&#8221; global_colors_info=&#8221;{}&#8221; theme_builder_area=&#8221;post_content&#8221;]<h1>Signal\u00e9tique \u00e0 Saint-Laurent-du-Var : orientez, structurez et valorisez vos espaces avec Tra\u00e7age Solution<\/h1>\n<p data-start=\"227\" data-end=\"651\">\u00c0 <strong data-start=\"268\" data-end=\"292\">Saint-Laurent-du-Var<\/strong>, commune dynamique entre Nice et Cagnes-sur-Mer, la <strong data-start=\"345\" data-end=\"361\">signal\u00e9tique<\/strong> est un outil essentiel pour guider les visiteurs, optimiser la circulation au sein des b\u00e2timents et renforcer l\u2019image des entreprises et des collectivit\u00e9s. Chez <strong data-start=\"523\" data-end=\"543\">Tra\u00e7age Solution<\/strong>, nous vous accompagnons dans la conception, la fabrication et la pose de <strong data-start=\"617\" data-end=\"669\">signal\u00e9tique int\u00e9rieure et ext\u00e9rieure sur mesure<\/strong>, adapt\u00e9e \u00e0 tous vos besoins.<\/p>[\/et_pb_text][et_pb_button button_url=&#8221;https:\/\/tracage-solution.fr\/?page_id=18&#8243; button_text=&#8221;Demande de devis&#8221; _builder_version=&#8221;4.27.4&#8243; custom_button=&#8221;on&#8221; button_text_size=&#8221;16px&#8221; button_text_color=&#8221;#ffffff&#8221; button_bg_color=&#8221;#31d190&#8243; button_border_width=&#8221;0px&#8221; button_border_radius=&#8221;0px&#8221; button_font=&#8221;Montserrat|700|||||||&#8221; button_use_icon=&#8221;off&#8221; custom_margin=&#8221;||16px&#8221; custom_padding=&#8221;18px|40px|18px|40px|true|true&#8221; global_colors_info=&#8221;{}&#8221; theme_builder_area=&#8221;post_content&#8221;][\/et_pb_button][\/et_pb_column][et_pb_column type=&#8221;1_2&#8243; _builder_version=&#8221;4.16&#8243; custom_padding=&#8221;|||&#8221; global_colors_info=&#8221;{}&#8221; custom_padding__hover=&#8221;|||&#8221; theme_builder_area=&#8221;post_content&#8221;][et_pb_image src=&#8221;https:\/\/tracage-solution.fr\/wp-content\/uploads\/2025\/04\/dd22ad3b-216d-4d62-9db9-b691b3075d85-1.png&#8221; title_text=&#8221;dd22ad3b-216d-4d62-9db9-b691b3075d85&#8243; _builder_version=&#8221;4.27.4&#8243; max_width=&#8221;480px&#8221; animation_direction=&#8221;bottom&#8221; box_shadow_style=&#8221;preset3&#8243; box_shadow_vertical=&#8221;40px&#8221; box_shadow_blur=&#8221;80px&#8221; box_shadow_spread=&#8221;-20px&#8221; box_shadow_color=&#8221;rgba(0,0,0,0.8)&#8221; always_center_on_mobile=&#8221;off&#8221; global_colors_info=&#8221;{}&#8221; theme_builder_area=&#8221;post_content&#8221;][\/et_pb_image][\/et_pb_column][\/et_pb_row][\/et_pb_section][et_pb_section fb_built=&#8221;1&#8243; admin_label=&#8221;Brands&#8221; _builder_version=&#8221;4.16&#8243; custom_padding=&#8221;0px||0px|||&#8221; global_colors_info=&#8221;{}&#8221; theme_builder_area=&#8221;post_content&#8221;][\/et_pb_section][et_pb_section fb_built=&#8221;1&#8243; admin_label=&#8221;About&#8221; _builder_version=&#8221;4.16&#8243; global_colors_info=&#8221;{}&#8221; theme_builder_area=&#8221;post_content&#8221;][et_pb_row column_structure=&#8221;1_2,1_2&#8243; _builder_version=&#8221;4.16&#8243; global_colors_info=&#8221;{}&#8221; theme_builder_area=&#8221;post_content&#8221;][et_pb_column type=&#8221;1_2&#8243; _builder_version=&#8221;4.16&#8243; custom_padding=&#8221;|||&#8221; global_colors_info=&#8221;{}&#8221; custom_padding__hover=&#8221;|||&#8221; theme_builder_area=&#8221;post_content&#8221;][et_pb_image src=&#8221;https:\/\/tracage-solution.fr\/wp-content\/uploads\/2025\/04\/author-icon-01-4.png&#8221; title_text=&#8221;author-icon-01-4&#8243; _builder_version=&#8221;4.27.4&#8243; max_width=&#8221;400px&#8221; max_width_tablet=&#8221;&#8221; max_width_phone=&#8221;&#8221; max_width_last_edited=&#8221;on|tablet&#8221; module_alignment=&#8221;right&#8221; animation_direction=&#8221;bottom&#8221; always_center_on_mobile=&#8221;off&#8221; global_colors_info=&#8221;{}&#8221; theme_builder_area=&#8221;post_content&#8221;][\/et_pb_image][et_pb_text _builder_version=&#8221;4.27.4&#8243; header_font=&#8221;||||||||&#8221; header_2_font=&#8221;Montserrat|800||on|||||&#8221; header_2_text_color=&#8221;#000000&#8243; header_2_font_size=&#8221;36px&#8221; header_2_line_height=&#8221;1.2em&#8221; max_width=&#8221;400px&#8221; max_width_tablet=&#8221;&#8221; max_width_phone=&#8221;&#8221; max_width_last_edited=&#8221;on|tablet&#8221; module_alignment=&#8221;right&#8221; header_2_font_size_tablet=&#8221;40px&#8221; header_2_font_size_phone=&#8221;25px&#8221; header_2_font_size_last_edited=&#8221;on|desktop&#8221; locked=&#8221;off&#8221; global_colors_info=&#8221;{}&#8221; theme_builder_area=&#8221;post_content&#8221;]<h2>Signal\u00e9tique<\/h2>[\/et_pb_text][\/et_pb_column][et_pb_column type=&#8221;1_2&#8243; _builder_version=&#8221;4.16&#8243; custom_padding=&#8221;|||&#8221; global_colors_info=&#8221;{}&#8221; custom_padding__hover=&#8221;|||&#8221; theme_builder_area=&#8221;post_content&#8221;][et_pb_text _builder_version=&#8221;4.16&#8243; text_font=&#8221;||||||||&#8221; text_font_size=&#8221;18px&#8221; text_line_height=&#8221;1.8em&#8221; text_orientation=&#8221;justified&#8221; text_font_size_tablet=&#8221;16px&#8221; text_font_size_phone=&#8221;14px&#8221; text_font_size_last_edited=&#8221;on|phone&#8221; text_line_height_tablet=&#8221;1.8em&#8221; text_line_height_phone=&#8221;1.7em&#8221; text_line_height_last_edited=&#8221;off|phone&#8221; locked=&#8221;off&#8221; global_colors_info=&#8221;{}&#8221; theme_builder_area=&#8221;post_content&#8221;]<h3 data-start=\"705\" data-end=\"781\">Pourquoi la signal\u00e9tique est-elle indispensable \u00e0 Saint-Laurent-du-Var ?<\/h3>\n<p data-start=\"783\" data-end=\"1004\">Dans un environnement urbain en plein essor comme <strong data-start=\"833\" data-end=\"857\">Saint-Laurent-du-Var<\/strong>, qui accueille de nombreux commerces, zones d\u2019activit\u00e9s et espaces publics, une <strong data-start=\"938\" data-end=\"981\">signalisation claire et professionnelle<\/strong> est primordiale pour :<\/p>\n<ul data-start=\"1005\" data-end=\"1339\">\n<li data-start=\"1005\" data-end=\"1079\">\n<p data-start=\"1007\" data-end=\"1079\"><strong data-start=\"1007\" data-end=\"1031\">Orienter les usagers<\/strong> (clients, collaborateurs, visiteurs, patients\u2026)<\/p>\n<\/li>\n<li data-start=\"1080\" data-end=\"1154\">\n<p data-start=\"1082\" data-end=\"1154\"><strong data-start=\"1082\" data-end=\"1106\">Identifier les acc\u00e8s<\/strong>, services, \u00e9tages, parkings ou zones techniques<\/p>\n<\/li>\n<li data-start=\"1155\" data-end=\"1231\">\n<p data-start=\"1157\" data-end=\"1231\"><strong data-start=\"1157\" data-end=\"1182\">Renforcer la s\u00e9curit\u00e9<\/strong> (issues de secours, consignes, zones interdites)<\/p>\n<\/li>\n<li data-start=\"1232\" data-end=\"1278\">\n<p data-start=\"1234\" data-end=\"1278\"><strong data-start=\"1234\" data-end=\"1278\">Respecter les normes d\u2019accessibilit\u00e9 PMR<\/strong><\/p>\n<\/li>\n<li data-start=\"1279\" data-end=\"1339\">\n<p data-start=\"1281\" data-end=\"1339\"><strong data-start=\"1281\" data-end=\"1339\">Valoriser l\u2019image de votre entreprise ou \u00e9tablissement<\/strong><\/p>\n<\/li>\n<\/ul>\n<p data-start=\"1341\" data-end=\"1483\">Une signal\u00e9tique bien pens\u00e9e am\u00e9liore non seulement l\u2019exp\u00e9rience utilisateur, mais aussi l\u2019efficacit\u00e9 et la visibilit\u00e9 de vos infrastructures.<\/p>\n<hr data-start=\"1485\" data-end=\"1488\" \/>\n<h3 data-start=\"1490\" data-end=\"1543\">Des solutions sur mesure, esth\u00e9tiques et durables<\/h3>\n<p data-start=\"1545\" data-end=\"1651\"><strong data-start=\"1545\" data-end=\"1565\">Tra\u00e7age Solution<\/strong> con\u00e7oit et installe une large gamme de <strong data-start=\"1605\" data-end=\"1644\">signal\u00e9tique \u00e0 Saint-Laurent-du-Var<\/strong> pour :<\/p>\n<ul data-start=\"1652\" data-end=\"1874\">\n<li data-start=\"1652\" data-end=\"1705\">\n<p data-start=\"1654\" data-end=\"1705\"><strong data-start=\"1654\" data-end=\"1669\">Entreprises<\/strong>, zones artisanales ou industrielles<\/p>\n<\/li>\n<li data-start=\"1706\" data-end=\"1752\">\n<p data-start=\"1708\" data-end=\"1752\"><strong data-start=\"1708\" data-end=\"1721\">Commerces<\/strong>, restaurants, centres m\u00e9dicaux<\/p>\n<\/li>\n<li data-start=\"1753\" data-end=\"1811\">\n<p data-start=\"1755\" data-end=\"1811\"><strong data-start=\"1755\" data-end=\"1781\">Immeubles d\u2019habitation<\/strong> ou r\u00e9sidences de copropri\u00e9t\u00e9s<\/p>\n<\/li>\n<li data-start=\"1812\" data-end=\"1874\">\n<p data-start=\"1814\" data-end=\"1874\"><strong data-start=\"1814\" data-end=\"1835\">B\u00e2timents publics<\/strong>, \u00e9coles, mairies, \u00e9quipements sportifs<\/p>\n<\/li>\n<\/ul>\n<p data-start=\"1876\" data-end=\"1902\">Nos prestations incluent :<\/p>\n<ul data-start=\"1903\" data-end=\"2158\">\n<li data-start=\"1903\" data-end=\"1965\">\n<p data-start=\"1905\" data-end=\"1965\"><strong data-start=\"1905\" data-end=\"1931\">Panneaux directionnels<\/strong>, plaques murales, fl\u00e9chage au sol<\/p>\n<\/li>\n<li data-start=\"1966\" data-end=\"2027\">\n<p data-start=\"1968\" data-end=\"2027\"><strong data-start=\"1968\" data-end=\"1989\">Totems ext\u00e9rieurs<\/strong>, enseignes, signalisation de parkings<\/p>\n<\/li>\n<li data-start=\"2028\" data-end=\"2098\">\n<p data-start=\"2030\" data-end=\"2098\"><strong data-start=\"2030\" data-end=\"2052\">Lettrages adh\u00e9sifs<\/strong>, films d\u00e9polis ou microperfor\u00e9s pour vitrines<\/p>\n<\/li>\n<li data-start=\"2099\" data-end=\"2158\">\n<p data-start=\"2101\" data-end=\"2158\"><strong data-start=\"2101\" data-end=\"2132\">Signalisation r\u00e9glementaire<\/strong> : s\u00e9curit\u00e9, PMR, incendie<\/p>\n<\/li>\n<\/ul>\n<p data-start=\"2160\" data-end=\"2296\">Nous utilisons des mat\u00e9riaux robustes et \u00e9l\u00e9gants : <strong data-start=\"2212\" data-end=\"2255\">dibond, aluminium, inox, plexiglas, PVC<\/strong>, pour un rendu professionnel et durable.<\/p>\n<hr data-start=\"2298\" data-end=\"2301\" \/>\n<h3 data-start=\"2303\" data-end=\"2357\">Intervention rapide dans tout Saint-Laurent-du-Var<\/h3>\n<p data-start=\"2359\" data-end=\"2569\">Bas\u00e9e dans le sud-est, <strong data-start=\"2382\" data-end=\"2402\">Tra\u00e7age Solution<\/strong> intervient rapidement sur <strong data-start=\"2429\" data-end=\"2453\">Saint-Laurent-du-Var<\/strong> et ses environs : <strong data-start=\"2472\" data-end=\"2548\">Cap 3000, ZAC de Saint-Exup\u00e9ry, centre-ville, Nice Ouest, Cagnes-sur-Mer<\/strong>\u2026<\/p>\n<p data-start=\"2605\" data-end=\"2647\" class=\"\"><\/p>[\/et_pb_text][\/et_pb_column][\/et_pb_row][et_pb_row column_structure=&#8221;1_2,1_2&#8243; _builder_version=&#8221;4.27.4&#8243; global_colors_info=&#8221;{}&#8221; theme_builder_area=&#8221;post_content&#8221;][et_pb_column type=&#8221;1_2&#8243; _builder_version=&#8221;4.16&#8243; custom_padding=&#8221;|||&#8221; global_colors_info=&#8221;{}&#8221; custom_padding__hover=&#8221;|||&#8221; theme_builder_area=&#8221;post_content&#8221;][et_pb_text _builder_version=&#8221;4.27.4&#8243; text_font=&#8221;||||||||&#8221; text_font_size=&#8221;18px&#8221; text_line_height=&#8221;1.8em&#8221; text_orientation=&#8221;justified&#8221; text_font_size_tablet=&#8221;16px&#8221; text_font_size_phone=&#8221;14px&#8221; text_font_size_last_edited=&#8221;on|phone&#8221; text_line_height_tablet=&#8221;1.8em&#8221; text_line_height_phone=&#8221;1.7em&#8221; text_line_height_last_edited=&#8221;off|phone&#8221; locked=&#8221;off&#8221; global_colors_info=&#8221;{}&#8221; theme_builder_area=&#8221;post_content&#8221;]<h2 data-start=\"2566\" data-end=\"2632\">Pourquoi faire appel \u00e0 Tracage Solution\u00a0<\/h2>\n<ul data-start=\"2764\" data-end=\"3013\">\n<li data-start=\"2634\" data-end=\"2701\">\n<p data-start=\"2636\" data-end=\"2701\">\u2705 Connaissance du terrain alpin et des contraintes saisonni\u00e8res<\/p>\n<\/li>\n<li data-start=\"2702\" data-end=\"2766\">\n<p data-start=\"2704\" data-end=\"2766\">\u2705 Intervention rapide en Tarentaise et stations avoisinantes<\/p>\n<\/li>\n<li data-start=\"2767\" data-end=\"2823\">\n<p data-start=\"2769\" data-end=\"2823\">\u2705 Finitions nettes et durables, conformes aux normes<\/p>\n<\/li>\n<li data-start=\"2824\" data-end=\"2885\">\n<p data-start=\"2826\" data-end=\"2885\">\u2705 <strong data-start=\"2828\" data-end=\"2845\">Devis gratuit<\/strong>, avec rep\u00e9rage et conseils techniques<\/p>\n<\/li>\n<li data-start=\"2886\" data-end=\"2930\">\n<p data-start=\"2888\" data-end=\"2930\">\u2705 \u00c9quipe qualifi\u00e9e, discr\u00e8te et \u00e0 l\u2019\u00e9coute<\/p>\n<\/li>\n<li data-start=\"2966\" data-end=\"3013\"><\/li>\n<\/ul>\n<ul data-start=\"2555\" data-end=\"2826\"><\/ul>\n<ul data-start=\"2518\" data-end=\"2781\"><\/ul>\n<ul data-start=\"2490\" data-end=\"2772\"><\/ul>\n<ul data-start=\"2555\" data-end=\"2835\"><\/ul>\n<ul data-start=\"2413\" data-end=\"2700\"><\/ul>\n<ul data-start=\"2364\" data-end=\"2652\"><\/ul>\n<ul data-start=\"2272\" data-end=\"2555\"><\/ul>\n<ul data-start=\"2323\" data-end=\"2619\"><\/ul>\n<p>&nbsp;<\/p>\n<ul data-start=\"2230\" data-end=\"2537\"><\/ul>\n<ul data-start=\"2279\" data-end=\"2599\"><\/ul>\n<ul data-start=\"2274\" data-end=\"2613\"><\/ul>\n<ul data-start=\"2140\" data-end=\"2411\"><\/ul>\n<ul data-start=\"2111\" data-end=\"2491\"><\/ul>[\/et_pb_text][\/et_pb_column][et_pb_column type=&#8221;1_2&#8243; _builder_version=&#8221;4.16&#8243; custom_padding=&#8221;|||&#8221; global_colors_info=&#8221;{}&#8221; custom_padding__hover=&#8221;|||&#8221; theme_builder_area=&#8221;post_content&#8221;][et_pb_image src=&#8221;https:\/\/tracage-solution.fr\/wp-content\/uploads\/2025\/07\/thumbnail_IMG_4990-1.jpg&#8221; title_text=&#8221;thumbnail_IMG_4990 (1)&#8221; _builder_version=&#8221;4.27.4&#8243; _module_preset=&#8221;default&#8221; global_colors_info=&#8221;{}&#8221; theme_builder_area=&#8221;post_content&#8221;][\/et_pb_image][\/et_pb_column][\/et_pb_row][\/et_pb_section]\n","protected":false},"excerpt":{"rendered":"<p>Signal\u00e9tique \u00e0 Saint-Laurent-du-Var : orientez, structurez et valorisez vos espaces avec Tra\u00e7age Solution \u00c0 Saint-Laurent-du-Var, commune dynamique entre Nice et Cagnes-sur-Mer, la signal\u00e9tique est un outil essentiel pour guider les visiteurs, optimiser la circulation au sein des b\u00e2timents et renforcer l\u2019image des entreprises et des collectivit\u00e9s. Chez Tra\u00e7age Solution, nous vous accompagnons dans la conception, [&hellip;]<\/p>\n","protected":false},"author":1,"featured_media":0,"parent":0,"menu_order":0,"comment_status":"closed","ping_status":"closed","template":"","meta":{"_et_pb_use_builder":"on","_et_pb_old_content":"<!-- wp:divi\/placeholder \/-->","_et_gb_content_width":"","footnotes":""},"class_list":["post-907","page","type-page","status-publish","hentry"],"yoast_head":"<!-- This site is optimized with the Yoast SEO plugin v27.4 - https:\/\/yoast.com\/product\/yoast-seo-wordpress\/ -->\n<title>Signal\u00e9tique \u00e0 Saint-Laurent-du-Var - Tracage Solution<\/title>\n<meta name=\"description\" content=\"Signal\u00e9tique \u00e0 Saint-Laurent-du-Var : orientez, structurez et valorisez vos espaces Lettrages adh\u00e9sifs \u00e0 Cap 3000, Cagnes-sur-Mer,\" \/>\n<meta name=\"robots\" content=\"index, follow, max-snippet:-1, max-image-preview:large, max-video-preview:-1\" \/>\n<link rel=\"canonical\" href=\"https:\/\/tracage-solution.fr\/?page_id=907\" \/>\n<meta property=\"og:locale\" content=\"en_US\" \/>\n<meta property=\"og:type\" content=\"article\" \/>\n<meta property=\"og:title\" content=\"Signal\u00e9tique \u00e0 Saint-Laurent-du-Var - Tracage Solution\" \/>\n<meta property=\"og:description\" content=\"Signal\u00e9tique \u00e0 Saint-Laurent-du-Var : orientez, structurez et valorisez vos espaces Lettrages adh\u00e9sifs \u00e0 Cap 3000, Cagnes-sur-Mer,\" \/>\n<meta property=\"og:url\" content=\"https:\/\/tracage-solution.fr\/?page_id=907\" \/>\n<meta property=\"og:site_name\" content=\"Tracage Solution\" \/>\n<meta property=\"article:modified_time\" content=\"2025-07-19T15:12:12+00:00\" \/>\n<meta name=\"twitter:card\" content=\"summary_large_image\" \/>\n<meta name=\"twitter:label1\" content=\"Est. reading time\" \/>\n\t<meta name=\"twitter:data1\" content=\"3 minutes\" \/>\n<script type=\"application\/ld+json\" class=\"yoast-schema-graph\">{\"@context\":\"https:\\\/\\\/schema.org\",\"@graph\":[{\"@type\":\"WebPage\",\"@id\":\"https:\\\/\\\/tracage-solution.fr\\\/?page_id=907\",\"url\":\"https:\\\/\\\/tracage-solution.fr\\\/?page_id=907\",\"name\":\"Signal\u00e9tique \u00e0 Saint-Laurent-du-Var - Tracage Solution\",\"isPartOf\":{\"@id\":\"https:\\\/\\\/tracage-solution.fr\\\/#website\"},\"datePublished\":\"2025-07-19T15:11:07+00:00\",\"dateModified\":\"2025-07-19T15:12:12+00:00\",\"description\":\"Signal\u00e9tique \u00e0 Saint-Laurent-du-Var : orientez, structurez et valorisez vos espaces Lettrages adh\u00e9sifs \u00e0 Cap 3000, Cagnes-sur-Mer,\",\"breadcrumb\":{\"@id\":\"https:\\\/\\\/tracage-solution.fr\\\/?page_id=907#breadcrumb\"},\"inLanguage\":\"en-US\",\"potentialAction\":[{\"@type\":\"ReadAction\",\"target\":[\"https:\\\/\\\/tracage-solution.fr\\\/?page_id=907\"]}]},{\"@type\":\"BreadcrumbList\",\"@id\":\"https:\\\/\\\/tracage-solution.fr\\\/?page_id=907#breadcrumb\",\"itemListElement\":[{\"@type\":\"ListItem\",\"position\":1,\"name\":\"Accueil\",\"item\":\"https:\\\/\\\/tracage-solution.fr\\\/\"},{\"@type\":\"ListItem\",\"position\":2,\"name\":\"Signal\u00e9tique \u00e0 Saint-Laurent-du-Var\"}]},{\"@type\":\"WebSite\",\"@id\":\"https:\\\/\\\/tracage-solution.fr\\\/#website\",\"url\":\"https:\\\/\\\/tracage-solution.fr\\\/\",\"name\":\"Tracage Solution\",\"description\":\"Tracage solution Nice \",\"potentialAction\":[{\"@type\":\"SearchAction\",\"target\":{\"@type\":\"EntryPoint\",\"urlTemplate\":\"https:\\\/\\\/tracage-solution.fr\\\/?s={search_term_string}\"},\"query-input\":{\"@type\":\"PropertyValueSpecification\",\"valueRequired\":true,\"valueName\":\"search_term_string\"}}],\"inLanguage\":\"en-US\"}]}<\/script>\n<!-- \/ Yoast SEO plugin. -->","yoast_head_json":{"title":"Signal\u00e9tique \u00e0 Saint-Laurent-du-Var - Tracage Solution","description":"Signal\u00e9tique \u00e0 Saint-Laurent-du-Var : orientez, structurez et valorisez vos espaces Lettrages adh\u00e9sifs \u00e0 Cap 3000, Cagnes-sur-Mer,","robots":{"index":"index","follow":"follow","max-snippet":"max-snippet:-1","max-image-preview":"max-image-preview:large","max-video-preview":"max-video-preview:-1"},"canonical":"https:\/\/tracage-solution.fr\/?page_id=907","og_locale":"en_US","og_type":"article","og_title":"Signal\u00e9tique \u00e0 Saint-Laurent-du-Var - Tracage Solution","og_description":"Signal\u00e9tique \u00e0 Saint-Laurent-du-Var : orientez, structurez et valorisez vos espaces Lettrages adh\u00e9sifs \u00e0 Cap 3000, Cagnes-sur-Mer,","og_url":"https:\/\/tracage-solution.fr\/?page_id=907","og_site_name":"Tracage Solution","article_modified_time":"2025-07-19T15:12:12+00:00","twitter_card":"summary_large_image","twitter_misc":{"Est. reading time":"3 minutes"},"schema":{"@context":"https:\/\/schema.org","@graph":[{"@type":"WebPage","@id":"https:\/\/tracage-solution.fr\/?page_id=907","url":"https:\/\/tracage-solution.fr\/?page_id=907","name":"Signal\u00e9tique \u00e0 Saint-Laurent-du-Var - Tracage Solution","isPartOf":{"@id":"https:\/\/tracage-solution.fr\/#website"},"datePublished":"2025-07-19T15:11:07+00:00","dateModified":"2025-07-19T15:12:12+00:00","description":"Signal\u00e9tique \u00e0 Saint-Laurent-du-Var : orientez, structurez et valorisez vos espaces Lettrages adh\u00e9sifs \u00e0 Cap 3000, Cagnes-sur-Mer,","breadcrumb":{"@id":"https:\/\/tracage-solution.fr\/?page_id=907#breadcrumb"},"inLanguage":"en-US","potentialAction":[{"@type":"ReadAction","target":["https:\/\/tracage-solution.fr\/?page_id=907"]}]},{"@type":"BreadcrumbList","@id":"https:\/\/tracage-solution.fr\/?page_id=907#breadcrumb","itemListElement":[{"@type":"ListItem","position":1,"name":"Accueil","item":"https:\/\/tracage-solution.fr\/"},{"@type":"ListItem","position":2,"name":"Signal\u00e9tique \u00e0 Saint-Laurent-du-Var"}]},{"@type":"WebSite","@id":"https:\/\/tracage-solution.fr\/#website","url":"https:\/\/tracage-solution.fr\/","name":"Tracage Solution","description":"Tracage solution Nice ","potentialAction":[{"@type":"SearchAction","target":{"@type":"EntryPoint","urlTemplate":"https:\/\/tracage-solution.fr\/?s={search_term_string}"},"query-input":{"@type":"PropertyValueSpecification","valueRequired":true,"valueName":"search_term_string"}}],"inLanguage":"en-US"}]}},"_links":{"self":[{"href":"https:\/\/tracage-solution.fr\/index.php?rest_route=\/wp\/v2\/pages\/907","targetHints":{"allow":["GET"]}}],"collection":[{"href":"https:\/\/tracage-solution.fr\/index.php?rest_route=\/wp\/v2\/pages"}],"about":[{"href":"https:\/\/tracage-solution.fr\/index.php?rest_route=\/wp\/v2\/types\/page"}],"author":[{"embeddable":true,"href":"https:\/\/tracage-solution.fr\/index.php?rest_route=\/wp\/v2\/users\/1"}],"replies":[{"embeddable":true,"href":"https:\/\/tracage-solution.fr\/index.php?rest_route=%2Fwp%2Fv2%2Fcomments&post=907"}],"version-history":[{"count":4,"href":"https:\/\/tracage-solution.fr\/index.php?rest_route=\/wp\/v2\/pages\/907\/revisions"}],"predecessor-version":[{"id":911,"href":"https:\/\/tracage-solution.fr\/index.php?rest_route=\/wp\/v2\/pages\/907\/revisions\/911"}],"wp:attachment":[{"href":"https:\/\/tracage-solution.fr\/index.php?rest_route=%2Fwp%2Fv2%2Fmedia&parent=907"}],"curies":[{"name":"wp","href":"https:\/\/api.w.org\/{rel}","templated":true}]}}