{"id":9,"date":"2025-04-06T20:19:00","date_gmt":"2025-04-06T18:19:00","guid":{"rendered":"https:\/\/tracage-solution.fr\/?page_id=9"},"modified":"2026-01-01T12:32:04","modified_gmt":"2026-01-01T11:32:04","slug":"tracage-solution-marquage-au-sol-nice","status":"publish","type":"page","link":"https:\/\/tracage-solution.fr\/","title":{"rendered":"Accueil"},"content":{"rendered":"<p>[et_pb_section fb_built=&#8221;1&#8243; fullwidth=&#8221;on&#8221; custom_padding_last_edited=&#8221;off|desktop&#8221; admin_label=&#8221;Header&#8221; _builder_version=&#8221;4.16&#8243; z_index=&#8221;2&#8243; overflow-y=&#8221;visible&#8221; custom_padding_tablet=&#8221;||15vw|&#8221; custom_padding_phone=&#8221;||25vw&#8221; border_color_all=&#8221;#31d190&#8243; border_width_left=&#8221;10px&#8221; locked=&#8221;off&#8221; global_colors_info=&#8221;{}&#8221;][et_pb_fullwidth_slider show_image_video_mobile=&#8221;on&#8221; _builder_version=&#8221;4.27.4&#8243; header_level=&#8221;h1&#8243; header_font=&#8221;Montserrat|800||on|||||&#8221; header_font_size=&#8221;4vw&#8221; header_line_height=&#8221;1.1em&#8221; body_font=&#8221;|600|||||||&#8221; body_font_size=&#8221;18px&#8221; body_line_height=&#8221;1.8em&#8221; background_color=&#8221;rgba(0,0,0,0.12)&#8221; custom_button=&#8221;on&#8221; button_text_size=&#8221;16px&#8221; button_text_color=&#8221;#ffffff&#8221; button_bg_color=&#8221;#31d190&#8243; button_border_width=&#8221;10px&#8221; button_border_color=&#8221;rgba(0,0,0,0)&#8221; button_border_radius=&#8221;0px&#8221; button_font=&#8221;Montserrat|700|||||||&#8221; button_use_icon=&#8221;off&#8221; max_width=&#8221;100%&#8221; overflow-y=&#8221;visible&#8221; custom_padding=&#8221;||&#8221; custom_padding_tablet=&#8221;&#8221; custom_padding_phone=&#8221;100px||100px||true&#8221; custom_padding_last_edited=&#8221;on|phone&#8221; hover_enabled=&#8221;0&#8243; header_font_size_tablet=&#8221;8vw&#8221; header_font_size_phone=&#8221;30px&#8221; header_font_size_last_edited=&#8221;on|desktop&#8221; body_font_size_tablet=&#8221;16px&#8221; body_font_size_phone=&#8221;14px&#8221; body_font_size_last_edited=&#8221;on|phone&#8221; body_line_height_tablet=&#8221;1.8em&#8221; body_line_height_phone=&#8221;1.7em&#8221; body_line_height_last_edited=&#8221;off|phone&#8221; custom_css_slide_image=&#8221;max-width: 440px;&#8221; box_shadow_style_image=&#8221;preset3&#8243; box_shadow_vertical_image=&#8221;40px&#8221; box_shadow_blur_image=&#8221;49px&#8221; box_shadow_spread_image=&#8221;-20px&#8221; box_shadow_color_image=&#8221;rgba(0,0,0,0.32)&#8221; text_shadow_style=&#8221;preset1&#8243; text_shadow_color=&#8221;rgba(0,0,0,0)&#8221; global_colors_info=&#8221;{}&#8221; button_bg_color__hover=&#8221;#000000&#8243; sticky_enabled=&#8221;0&#8243;][et_pb_slide heading=&#8221;Tracage Solution&#8221; button_text=&#8221;Demande devis&#8221; button_link=&#8221;https:\/\/tracage-solution.fr\/?page_id=18&#8243; image=&#8221;https:\/\/tracage-solution.fr\/wp-content\/uploads\/2026\/01\/WhatsApp-Image-2026-01-01-at-12.15.34-3.jpeg&#8221; arrows_custom_color=&#8221;#000000&#8243; dot_nav_custom_color=&#8221;#000000&#8243; _builder_version=&#8221;4.27.4&#8243; use_background_color_gradient=&#8221;on&#8221; background_color_gradient_direction=&#8221;124deg&#8221; background_color_gradient_stops=&#8221;#000000 11%|#31d190 87%&#8221; background_color_gradient_start=&#8221;#000000&#8243; background_color_gradient_start_position=&#8221;11%&#8221; background_color_gradient_end=&#8221;#31d190&#8243; background_color_gradient_end_position=&#8221;87%&#8221; background_image=&#8221;https:\/\/tracage-solution.fr\/wp-content\/uploads\/2025\/04\/ebook-17-1.png&#8221; background_position=&#8221;bottom_center&#8221; custom_button=&#8221;on&#8221; button_bg_color=&#8221;#000000&#8243; button_font=&#8221;||||||||&#8221; hover_enabled=&#8221;0&#8243; custom_css_slide_container=&#8221;max-width: 80%;&#8221; global_colors_info=&#8221;{}&#8221; sticky_transition=&#8221;on&#8221; title_text=&#8221;WhatsApp Image 2026-01-01 at 12.15.34 (3)&#8221; sticky_enabled=&#8221;0&#8243;]<\/p>\n<p>Tracage solution &#8211; Marquage au sol Nice, sp\u00e9cialistes du marquage au sol, <strong data-start=\"236\" data-end=\"256\">Tracage Solution<\/strong> intervient \u00e0 <strong data-start=\"270\" data-end=\"278\">Nice<\/strong> et partout dans les <strong data-start=\"299\" data-end=\"318\">Alpes-Maritimes<\/strong> pour s\u00e9curiser, organiser et optimiser vos espaces professionnels.<\/p>\n<p>[\/et_pb_slide][et_pb_slide heading=&#8221;Signal\u00e9tique&#8221; button_text=&#8221;Demande devis&#8221; button_link=&#8221;https:\/\/tracage-solution.fr\/?page_id=18&#8243; image=&#8221;https:\/\/tracage-solution.fr\/wp-content\/uploads\/2025\/04\/d5a67152-dc44-4a6a-a38a-d7cb0d45fe77.png&#8221; arrows_custom_color=&#8221;#000000&#8243; dot_nav_custom_color=&#8221;#000000&#8243; _builder_version=&#8221;4.27.4&#8243; body_font=&#8221;|600|||||||&#8221; background_color=&#8221;#31d190&#8243; use_background_color_gradient=&#8221;on&#8221; background_color_gradient_stops=&#8221;#31d190 32%|#ffffff 100%&#8221; background_color_gradient_start=&#8221;#31d190&#8243; background_color_gradient_start_position=&#8221;32%&#8221; background_color_gradient_end=&#8221;#ffffff&#8221; background_image=&#8221;https:\/\/tracage-solution.fr\/wp-content\/uploads\/2025\/04\/ebook-46.png&#8221; background_size=&#8221;contain&#8221; background_position=&#8221;top_center&#8221; custom_css_slide_container=&#8221;max-width: 80%;&#8221; global_colors_info=&#8221;{}&#8221; sticky_transition=&#8221;on&#8221;]<\/p>\n<p>Que ce soit pour indiquer les zones de stockage, baliser les chemins pi\u00e9tons, signaler les risques ou organiser les flux logistiques, une signal\u00e9tique claire et durable est indispensable.<\/p>\n<p>[\/et_pb_slide][et_pb_slide heading=&#8221;Panneaux&#8221; button_text=&#8221;Demande devis&#8221; button_link=&#8221;https:\/\/tracage-solution.fr\/?page_id=18&#8243; image=&#8221;https:\/\/tracage-solution.fr\/wp-content\/uploads\/2025\/04\/eb5b7399-99da-457c-8d30-fcb5b37f4888.png&#8221; arrows_custom_color=&#8221;#000000&#8243; dot_nav_custom_color=&#8221;#000000&#8243; _builder_version=&#8221;4.27.4&#8243; body_font=&#8221;|600|||||||&#8221; background_color=&#8221;#000000&#8243; background_image=&#8221;https:\/\/tracage-solution.fr\/wp-content\/uploads\/2025\/04\/ebook-45.png&#8221; background_size=&#8221;contain&#8221; background_position=&#8221;bottom_center&#8221; custom_css_slide_container=&#8221;max-width: 80%;&#8221; global_colors_info=&#8221;{}&#8221; sticky_transition=&#8221;on&#8221;]<\/p>\n<p>Les panneaux pour entrep\u00f4t permettent d\u2019identifier rapidement les zones de stockage, les all\u00e9es, les consignes de s\u00e9curit\u00e9 ou encore les acc\u00e8s r\u00e9serv\u00e9s. Qu\u2019il s\u2019agisse de panneaux directionnels, de marquage de rayonnage, ou d\u2019affichage r\u00e9glementaire<\/p>\n<p>[\/et_pb_slide][\/et_pb_fullwidth_slider][\/et_pb_section][et_pb_section fb_built=&#8221;1&#8243; admin_label=&#8221;Promo&#8221; _builder_version=&#8221;4.16&#8243; locked=&#8221;off&#8221; global_colors_info=&#8221;{}&#8221;][et_pb_row _builder_version=&#8221;4.27.4&#8243; background_color=&#8221;#000000&#8243; custom_padding=&#8221;8vw|8vw|8vw|8vw|false|&#8221; global_colors_info=&#8221;{}&#8221;][et_pb_column type=&#8221;4_4&#8243; _builder_version=&#8221;4.16&#8243; custom_padding=&#8221;|||&#8221; global_colors_info=&#8221;{}&#8221; custom_padding__hover=&#8221;|||&#8221;][et_pb_image src=&#8221;https:\/\/tracage-solution.fr\/wp-content\/uploads\/2025\/04\/author-icon-03-4.png&#8221; align=&#8221;center&#8221; _builder_version=&#8221;4.16&#8243; always_center_on_mobile=&#8221;off&#8221; global_colors_info=&#8221;{}&#8221;][\/et_pb_image][et_pb_text _builder_version=&#8221;4.27.4&#8243; text_font=&#8221;||||||||&#8221; text_font_size=&#8221;6px&#8221; header_font=&#8221;||||||||&#8221; header_2_font=&#8221;Montserrat|800||on|||||&#8221; header_2_font_size=&#8221;31px&#8221; header_2_line_height=&#8221;1.2em&#8221; text_orientation=&#8221;center&#8221; background_layout=&#8221;dark&#8221; module_alignment=&#8221;right&#8221; header_2_font_size_tablet=&#8221;40px&#8221; header_2_font_size_phone=&#8221;25px&#8221; header_2_font_size_last_edited=&#8221;on|desktop&#8221; locked=&#8221;off&#8221; global_colors_info=&#8221;{}&#8221;]<\/p>\n<h2><strong data-start=\"221\" data-end=\"289\">Tra\u00e7age au Sol &amp; Signal\u00e9tique \u2013 Solutions de Marquage Industriel<\/strong><\/h2>\n<p>[\/et_pb_text][et_pb_text _builder_version=&#8221;4.27.4&#8243; text_font=&#8221;||||||||&#8221; text_font_size=&#8221;18px&#8221; text_line_height=&#8221;1.8em&#8221; text_orientation=&#8221;justify&#8221; background_layout=&#8221;dark&#8221; max_width=&#8221;600px&#8221; module_alignment=&#8221;center&#8221; text_font_size_tablet=&#8221;16px&#8221; text_font_size_phone=&#8221;14px&#8221; text_font_size_last_edited=&#8221;on|phone&#8221; text_line_height_tablet=&#8221;1.8em&#8221; text_line_height_phone=&#8221;1.7em&#8221; text_line_height_last_edited=&#8221;off|phone&#8221; text_text_align=&#8221;justify&#8221; locked=&#8221;off&#8221; global_colors_info=&#8221;{}&#8221;]<\/p>\n<p data-start=\"291\" data-end=\"502\" class=\"\">Le tra\u00e7age au sol et la signal\u00e9tique industrielle sont des \u00e9l\u00e9ments cl\u00e9s pour structurer, s\u00e9curiser et optimiser les environnements professionnels tels que les entrep\u00f4ts, sites logistiques, ateliers ou parkings.<\/p>\n<h3 data-start=\"504\" data-end=\"524\" class=\"\">Tra\u00e7age au Sol :<\/h3>\n<p data-start=\"525\" data-end=\"640\" class=\"\">Nous r\u00e9alisons des marquages pr\u00e9cis, durables et conformes aux normes en vigueur (Code du Travail, RGS, ISO 7010) :<\/p>\n<ul data-start=\"641\" data-end=\"968\">\n<li data-start=\"641\" data-end=\"730\" class=\"\">\n<p data-start=\"643\" data-end=\"730\" class=\"\"><strong data-start=\"643\" data-end=\"667\">Voies de circulation<\/strong> pi\u00e9tons et engins (chariots \u00e9l\u00e9vateurs, transpalettes, etc.)<\/p>\n<\/li>\n<li data-start=\"731\" data-end=\"807\" class=\"\">\n<p data-start=\"733\" data-end=\"807\" class=\"\"><strong data-start=\"733\" data-end=\"755\">Zonage de <a href=\"https:\/\/www.signals.fr\/bandes-marquage-surfaces-difficiles.html?utm_source=google&amp;utm_source_platform=Google+Ads&amp;utm_medium=cpc&amp;utm_campaign=FRA_||_FR_||_PLA_||_NB_||__99___All_Products____(02___PMax__||_GEN_||_02GG&amp;utm_campaignid=18179570546&amp;gad_source=1&amp;gclid=Cj0KCQjwnui_BhDlARIsAEo9Guuy2SSp_0AqKOWl3Y1gDCO6fmgM4zNdd0UQL8xxGp6JBSm3MTCnRDUaAjPIEALw_wcB#DSSF10JN\">s\u00e9curit\u00e9<\/a><\/strong> : issues de secours, extincteurs, zones de danger<\/p>\n<\/li>\n<li data-start=\"808\" data-end=\"873\" class=\"\">\n<p data-start=\"810\" data-end=\"873\" class=\"\"><strong data-start=\"810\" data-end=\"833\">Espaces de stockage<\/strong> : d\u00e9limitations, palettes, rayonnages<\/p>\n<\/li>\n<li data-start=\"874\" data-end=\"968\" class=\"\">\n<p data-start=\"876\" data-end=\"968\" class=\"\"><strong data-start=\"876\" data-end=\"900\">Signalisation au sol<\/strong> : fl\u00e8ches directionnelles, pictogrammes norm\u00e9s, marquage au pochoir<\/p>\n<\/li>\n<\/ul>\n<p data-start=\"970\" data-end=\"1170\" class=\"\">Utilisation de <strong data-start=\"985\" data-end=\"1020\">peintures mono ou bi-composants<\/strong>, <strong data-start=\"1022\" data-end=\"1052\">r\u00e9sines \u00e0 haute r\u00e9sistance<\/strong> ou <strong data-start=\"1056\" data-end=\"1083\">bandes thermoplastiques<\/strong>, selon les contraintes de votre site (int\u00e9rieur\/ext\u00e9rieur, trafic intense, humidit\u00e9\u2026).<\/p>\n<h3 data-start=\"1172\" data-end=\"1199\" class=\"\">Signal\u00e9tique Associ\u00e9e :<\/h3>\n<p data-start=\"1200\" data-end=\"1276\" class=\"\">Nous compl\u00e9tons le marquage au sol avec une <a href=\"https:\/\/tracage-solution.fr\/?page_id=14\">signal\u00e9tique<\/a> verticale adapt\u00e9e :<\/p>\n<ul data-start=\"1277\" data-end=\"1526\">\n<li data-start=\"1277\" data-end=\"1341\" class=\"\">\n<p data-start=\"1279\" data-end=\"1341\" class=\"\"><strong data-start=\"1279\" data-end=\"1303\">Panneaux de s\u00e9curit\u00e9<\/strong> : interdictions, obligations, alertes<\/p>\n<\/li>\n<li data-start=\"1342\" data-end=\"1410\" class=\"\">\n<p data-start=\"1344\" data-end=\"1410\" class=\"\"><strong data-start=\"1344\" data-end=\"1373\">Totems ou plaques murales<\/strong> pour zones de production ou stockage<\/p>\n<\/li>\n<li data-start=\"1411\" data-end=\"1474\" class=\"\">\n<p data-start=\"1413\" data-end=\"1474\" class=\"\"><strong data-start=\"1413\" data-end=\"1441\">Num\u00e9rotation et lettrage<\/strong> pour rayonnages, all\u00e9es, trav\u00e9es<\/p>\n<\/li>\n<li data-start=\"1475\" data-end=\"1526\" class=\"\">\n<p data-start=\"1477\" data-end=\"1526\" class=\"\"><strong data-start=\"1477\" data-end=\"1500\">Pictogrammes norm\u00e9s<\/strong> pour lisibilit\u00e9 imm\u00e9diate<\/p>\n<\/li>\n<\/ul>\n<p data-start=\"1528\" data-end=\"1677\" class=\"\"><strong data-start=\"1528\" data-end=\"1540\">Objectif<\/strong> : am\u00e9liorer la s\u00e9curit\u00e9, la circulation et la lisibilit\u00e9 des espaces, tout en assurant la conformit\u00e9 r\u00e9glementaire de vos installations.<\/p>\n<p>[\/et_pb_text][et_pb_button button_url=&#8221;https:\/\/tracage-solution.fr\/?page_id=18&#8243; button_text=&#8221;Demande de devis&#8221; button_alignment=&#8221;center&#8221; _builder_version=&#8221;4.27.4&#8243; custom_button=&#8221;on&#8221; button_text_size=&#8221;16px&#8221; button_text_color=&#8221;#ffffff&#8221; button_bg_color=&#8221;#31d190&#8243; button_border_width=&#8221;0px&#8221; button_border_radius=&#8221;0px&#8221; button_font=&#8221;Montserrat|700|||||||&#8221; button_use_icon=&#8221;off&#8221; custom_margin=&#8221;||16px&#8221; custom_padding=&#8221;18px|40px|18px|40px|true|true&#8221; locked=&#8221;off&#8221; global_colors_info=&#8221;{}&#8221; button_bg_color__hover_enabled=&#8221;on&#8221; button_bg_color__hover=&#8221;rgba(255,255,255,0)&#8221; button_text_color__hover=&#8221;#ffffff&#8221; button_border_color__hover_enabled=&#8221;on&#8221; button_border_color__hover=&#8221;rgba(0,0,0,0)&#8221;][\/et_pb_button][\/et_pb_column][\/et_pb_row][\/et_pb_section][et_pb_section fb_built=&#8221;1&#8243; bg_img_1=&#8221;https:\/\/tracage-solution.fr\/wp-content\/uploads\/2025\/04\/ebook-03.png&#8221; background_size_1=&#8221;contain&#8221; background_repeat_1=&#8221;no-repeat&#8221; background_position_1=&#8221;center_left&#8221; admin_label=&#8221;Products&#8221; _builder_version=&#8221;4.16&#8243; background_image=&#8221;https:\/\/tracage-solution.fr\/wp-content\/uploads\/2025\/04\/ebook-03.png&#8221; background_size=&#8221;contain&#8221; background_position=&#8221;top_left&#8221; global_colors_info=&#8221;{}&#8221;][et_pb_row column_structure=&#8221;1_3,1_3,1_3&#8243; _builder_version=&#8221;4.27.4&#8243; _module_preset=&#8221;default&#8221; global_colors_info=&#8221;{}&#8221;][et_pb_column type=&#8221;1_3&#8243; _builder_version=&#8221;4.27.4&#8243; _module_preset=&#8221;default&#8221; global_colors_info=&#8221;{}&#8221;][et_pb_image src=&#8221;https:\/\/tracage-solution.fr\/wp-content\/uploads\/2025\/09\/WhatsApp-Image-2025-09-26-at-13.55.42-1.jpeg&#8221; title_text=&#8221;WhatsApp Image 2025-09-26 at 13.55.42 (1)&#8221; _builder_version=&#8221;4.27.4&#8243; _module_preset=&#8221;default&#8221; global_colors_info=&#8221;{}&#8221;][\/et_pb_image][\/et_pb_column][et_pb_column type=&#8221;1_3&#8243; _builder_version=&#8221;4.27.4&#8243; _module_preset=&#8221;default&#8221; global_colors_info=&#8221;{}&#8221;][et_pb_image src=&#8221;https:\/\/tracage-solution.fr\/wp-content\/uploads\/2025\/09\/WhatsApp-Image-2025-09-26-at-13.55.42.jpeg&#8221; title_text=&#8221;WhatsApp Image 2025-09-26 at 13.55.42&#8243; _builder_version=&#8221;4.27.4&#8243; _module_preset=&#8221;default&#8221; global_colors_info=&#8221;{}&#8221;][\/et_pb_image][\/et_pb_column][et_pb_column type=&#8221;1_3&#8243; _builder_version=&#8221;4.27.4&#8243; _module_preset=&#8221;default&#8221; global_colors_info=&#8221;{}&#8221;][et_pb_image src=&#8221;https:\/\/tracage-solution.fr\/wp-content\/uploads\/2025\/09\/WhatsApp-Image-2025-09-26-at-13.55.42-2.jpeg&#8221; title_text=&#8221;WhatsApp Image 2025-09-26 at 13.55.42 (2)&#8221; _builder_version=&#8221;4.27.4&#8243; _module_preset=&#8221;default&#8221; global_colors_info=&#8221;{}&#8221;][\/et_pb_image][\/et_pb_column][\/et_pb_row][\/et_pb_section][et_pb_section fb_built=&#8221;1&#8243; admin_label=&#8221;Testimonials&#8221; _builder_version=&#8221;4.16&#8243; custom_padding=&#8221;0px|||||&#8221; locked=&#8221;off&#8221; global_colors_info=&#8221;{}&#8221;][\/et_pb_section]<\/p>\n","protected":false},"excerpt":{"rendered":"<p>Tracage solution &#8211; Marquage au sol Nice, sp\u00e9cialistes du marquage au sol, Tracage Solution intervient \u00e0 Nice et partout dans les Alpes-Maritimes pour s\u00e9curiser, organiser et optimiser vos espaces professionnels.Que ce soit pour indiquer les zones de stockage, baliser les chemins pi\u00e9tons, signaler les risques ou organiser les flux logistiques, une signal\u00e9tique claire et durable [&hellip;]<\/p>\n","protected":false},"author":1,"featured_media":0,"parent":0,"menu_order":0,"comment_status":"closed","ping_status":"closed","template":"","meta":{"_et_pb_use_builder":"on","_et_pb_old_content":"<!-- wp:divi\/placeholder \/-->","_et_gb_content_width":"","footnotes":""},"class_list":["post-9","page","type-page","status-publish","hentry"],"yoast_head":"<!-- This site is optimized with the Yoast SEO plugin v27.4 - https:\/\/yoast.com\/product\/yoast-seo-wordpress\/ -->\n<title>Tracage solution - Marquage au sol Nice<\/title>\n<meta name=\"description\" content=\"Tracage solution - Marquage au sol Nice Zone de s\u00e9curit\u00e9 Espaces de stockage Signalisation au sol marquage au sol d\u00e9p\u00f4t, garage\" \/>\n<meta name=\"robots\" content=\"index, follow, max-snippet:-1, max-image-preview:large, max-video-preview:-1\" \/>\n<link rel=\"canonical\" href=\"https:\/\/tracage-solution.fr\/\" \/>\n<meta property=\"og:locale\" content=\"en_US\" \/>\n<meta property=\"og:type\" content=\"article\" \/>\n<meta property=\"og:title\" content=\"Tracage solution - Marquage au sol Nice\" \/>\n<meta property=\"og:description\" content=\"Tracage solution - Marquage au sol Nice Zone de s\u00e9curit\u00e9 Espaces de stockage Signalisation au sol marquage au sol d\u00e9p\u00f4t, garage\" \/>\n<meta property=\"og:url\" content=\"https:\/\/tracage-solution.fr\/\" \/>\n<meta property=\"og:site_name\" content=\"Tracage Solution\" \/>\n<meta property=\"article:modified_time\" content=\"2026-01-01T11:32:04+00:00\" \/>\n<meta name=\"twitter:card\" content=\"summary_large_image\" \/>\n<meta name=\"twitter:label1\" content=\"Est. reading time\" \/>\n\t<meta name=\"twitter:data1\" content=\"3 minutes\" \/>\n<script type=\"application\/ld+json\" class=\"yoast-schema-graph\">{\"@context\":\"https:\\\/\\\/schema.org\",\"@graph\":[{\"@type\":\"WebPage\",\"@id\":\"https:\\\/\\\/tracage-solution.fr\\\/\",\"url\":\"https:\\\/\\\/tracage-solution.fr\\\/\",\"name\":\"Tracage solution - Marquage au sol Nice\",\"isPartOf\":{\"@id\":\"https:\\\/\\\/tracage-solution.fr\\\/#website\"},\"datePublished\":\"2025-04-06T18:19:00+00:00\",\"dateModified\":\"2026-01-01T11:32:04+00:00\",\"description\":\"Tracage solution - Marquage au sol Nice Zone de s\u00e9curit\u00e9 Espaces de stockage Signalisation au sol marquage au sol d\u00e9p\u00f4t, garage\",\"breadcrumb\":{\"@id\":\"https:\\\/\\\/tracage-solution.fr\\\/#breadcrumb\"},\"inLanguage\":\"en-US\",\"potentialAction\":[{\"@type\":\"ReadAction\",\"target\":[\"https:\\\/\\\/tracage-solution.fr\\\/\"]}]},{\"@type\":\"BreadcrumbList\",\"@id\":\"https:\\\/\\\/tracage-solution.fr\\\/#breadcrumb\",\"itemListElement\":[{\"@type\":\"ListItem\",\"position\":1,\"name\":\"Accueil\",\"item\":\"https:\\\/\\\/tracage-solution.fr\\\/\"},{\"@type\":\"ListItem\",\"position\":2,\"name\":\"Accueil\"}]},{\"@type\":\"WebSite\",\"@id\":\"https:\\\/\\\/tracage-solution.fr\\\/#website\",\"url\":\"https:\\\/\\\/tracage-solution.fr\\\/\",\"name\":\"Tracage Solution\",\"description\":\"Tracage solution Nice \",\"potentialAction\":[{\"@type\":\"SearchAction\",\"target\":{\"@type\":\"EntryPoint\",\"urlTemplate\":\"https:\\\/\\\/tracage-solution.fr\\\/?s={search_term_string}\"},\"query-input\":{\"@type\":\"PropertyValueSpecification\",\"valueRequired\":true,\"valueName\":\"search_term_string\"}}],\"inLanguage\":\"en-US\"}]}<\/script>\n<!-- \/ Yoast SEO plugin. -->","yoast_head_json":{"title":"Tracage solution - Marquage au sol Nice","description":"Tracage solution - Marquage au sol Nice Zone de s\u00e9curit\u00e9 Espaces de stockage Signalisation au sol marquage au sol d\u00e9p\u00f4t, garage","robots":{"index":"index","follow":"follow","max-snippet":"max-snippet:-1","max-image-preview":"max-image-preview:large","max-video-preview":"max-video-preview:-1"},"canonical":"https:\/\/tracage-solution.fr\/","og_locale":"en_US","og_type":"article","og_title":"Tracage solution - Marquage au sol Nice","og_description":"Tracage solution - Marquage au sol Nice Zone de s\u00e9curit\u00e9 Espaces de stockage Signalisation au sol marquage au sol d\u00e9p\u00f4t, garage","og_url":"https:\/\/tracage-solution.fr\/","og_site_name":"Tracage Solution","article_modified_time":"2026-01-01T11:32:04+00:00","twitter_card":"summary_large_image","twitter_misc":{"Est. reading time":"3 minutes"},"schema":{"@context":"https:\/\/schema.org","@graph":[{"@type":"WebPage","@id":"https:\/\/tracage-solution.fr\/","url":"https:\/\/tracage-solution.fr\/","name":"Tracage solution - Marquage au sol Nice","isPartOf":{"@id":"https:\/\/tracage-solution.fr\/#website"},"datePublished":"2025-04-06T18:19:00+00:00","dateModified":"2026-01-01T11:32:04+00:00","description":"Tracage solution - Marquage au sol Nice Zone de s\u00e9curit\u00e9 Espaces de stockage Signalisation au sol marquage au sol d\u00e9p\u00f4t, garage","breadcrumb":{"@id":"https:\/\/tracage-solution.fr\/#breadcrumb"},"inLanguage":"en-US","potentialAction":[{"@type":"ReadAction","target":["https:\/\/tracage-solution.fr\/"]}]},{"@type":"BreadcrumbList","@id":"https:\/\/tracage-solution.fr\/#breadcrumb","itemListElement":[{"@type":"ListItem","position":1,"name":"Accueil","item":"https:\/\/tracage-solution.fr\/"},{"@type":"ListItem","position":2,"name":"Accueil"}]},{"@type":"WebSite","@id":"https:\/\/tracage-solution.fr\/#website","url":"https:\/\/tracage-solution.fr\/","name":"Tracage Solution","description":"Tracage solution Nice ","potentialAction":[{"@type":"SearchAction","target":{"@type":"EntryPoint","urlTemplate":"https:\/\/tracage-solution.fr\/?s={search_term_string}"},"query-input":{"@type":"PropertyValueSpecification","valueRequired":true,"valueName":"search_term_string"}}],"inLanguage":"en-US"}]}},"_links":{"self":[{"href":"https:\/\/tracage-solution.fr\/index.php?rest_route=\/wp\/v2\/pages\/9","targetHints":{"allow":["GET"]}}],"collection":[{"href":"https:\/\/tracage-solution.fr\/index.php?rest_route=\/wp\/v2\/pages"}],"about":[{"href":"https:\/\/tracage-solution.fr\/index.php?rest_route=\/wp\/v2\/types\/page"}],"author":[{"embeddable":true,"href":"https:\/\/tracage-solution.fr\/index.php?rest_route=\/wp\/v2\/users\/1"}],"replies":[{"embeddable":true,"href":"https:\/\/tracage-solution.fr\/index.php?rest_route=%2Fwp%2Fv2%2Fcomments&post=9"}],"version-history":[{"count":10,"href":"https:\/\/tracage-solution.fr\/index.php?rest_route=\/wp\/v2\/pages\/9\/revisions"}],"predecessor-version":[{"id":1314,"href":"https:\/\/tracage-solution.fr\/index.php?rest_route=\/wp\/v2\/pages\/9\/revisions\/1314"}],"wp:attachment":[{"href":"https:\/\/tracage-solution.fr\/index.php?rest_route=%2Fwp%2Fv2%2Fmedia&parent=9"}],"curies":[{"name":"wp","href":"https:\/\/api.w.org\/{rel}","templated":true}]}}